{"id":226,"date":"2021-04-29T22:31:45","date_gmt":"2021-04-29T21:31:45","guid":{"rendered":"https:\/\/mosel-lug.de\/?page_id=226"},"modified":"2021-04-29T22:39:12","modified_gmt":"2021-04-29T21:39:12","slug":"banana-pi-bpi-r64","status":"publish","type":"page","link":"https:\/\/mosel-lug.de\/?page_id=226","title":{"rendered":"Banana Pi BPI-R64"},"content":{"rendered":"<p>Hier beschreibe ich meine Gedanken zur Auswahl und zur Inbetriebnahme des <a href=\"http:\/\/banana-pi.org\/r64.html\">Banana PI BPI-R64<\/a>.<\/p>\n<h4>Auswahl<\/h4>\n<p>Ich war nach einem Ersatz von einem sehr alten PC, der im Augenblick als Router zur Trennung unseres internen Netzwerk von der Au\u00dfenwelt l\u00e4uft. Au\u00dfer einer Firewall und mehreren VPNs l\u00e4uft da jetzt nichts mehr und verbraucht eigentlich nur noch Strom. Wegen der zeitnahen Glasfaseranbindung sollte das nicht zum Nadel\u00f6hr werden. Der zuerst angedachte <a href=\"https:\/\/www.raspberrypi.org\/\">Raspberry Pi<\/a> verf\u00fcgt nur \u00fcber einen LAN Port. Ein zweiter Port kann nur \u00fcber einen USB-Adapter angeschlossen werden. Tests mit unterschiedlichen Adaptern haben gegen\u00fcber des eingebauten Ports nur 30 &#8211; 52% der \u00dcbertragungsraten erreicht.<\/p>\n<p>Ich also nach einem Miniboard gesucht, dass zum einen \u00fcber zwei oder mehr unabh\u00e4ngige LAN Ports verf\u00fcgt und nach M\u00f6glichkeit unter Debian als Betriebssystem l\u00e4uft.<\/p>\n<p>Nach langem Suchen habe ich mich dann f\u00fcr einen Banana PI BPI-R64 entschieden. Das Board hat neben 1 WAN Port 4 LAN Ports,\u00a0 und die M\u00f6glichkeit WLAN und 4G zu nutzen.<\/p>\n<h4>Erster Eindruck und Zusammenbau<\/h4>\n<p>Geliefert wurde das Board mit Netzteil, einem Acryl- Geh\u00e4use, einer WLAN &#8211; Antenne und einem TT-USB Adapter. Der erste Zusammenbau ging recht einfach und schnell.\u00a0 Die Aussparungen\u00a0 im Geh\u00e4use sind\u00a0 passgenau. Das Kabel zum TT-USB Adapter ist zwar kurz, hat aber lange Pin-Stecker. Daher ist der Anschluss am besten mit ge\u00f6ffneten Geh\u00e4usedeckel m\u00f6glich.<\/p>\n<p>Hier schau einmal die ersten Bilder nach dem Zusammenbau.<\/p>\n<p>&nbsp;<\/p>\n<p><img loading=\"lazy\" decoding=\"async\" class=\"alignnone size-medium wp-image-225\" src=\"https:\/\/mosel-lug.de\/wp-content\/uploads\/2021\/04\/signal-2021-04-29-220011_004-300x225.jpeg\" alt=\"\" width=\"300\" height=\"225\" srcset=\"https:\/\/mosel-lug.de\/wp-content\/uploads\/2021\/04\/signal-2021-04-29-220011_004-300x225.jpeg 300w, https:\/\/mosel-lug.de\/wp-content\/uploads\/2021\/04\/signal-2021-04-29-220011_004-1024x768.jpeg 1024w, https:\/\/mosel-lug.de\/wp-content\/uploads\/2021\/04\/signal-2021-04-29-220011_004-768x576.jpeg 768w, https:\/\/mosel-lug.de\/wp-content\/uploads\/2021\/04\/signal-2021-04-29-220011_004-1536x1152.jpeg 1536w, https:\/\/mosel-lug.de\/wp-content\/uploads\/2021\/04\/signal-2021-04-29-220011_004.jpeg 1600w\" sizes=\"auto, (max-width: 300px) 100vw, 300px\" \/> <img loading=\"lazy\" decoding=\"async\" class=\"alignnone size-medium wp-image-224\" src=\"https:\/\/mosel-lug.de\/wp-content\/uploads\/2021\/04\/signal-2021-04-29-220011_003-300x225.jpeg\" alt=\"\" width=\"300\" height=\"225\" srcset=\"https:\/\/mosel-lug.de\/wp-content\/uploads\/2021\/04\/signal-2021-04-29-220011_003-300x225.jpeg 300w, https:\/\/mosel-lug.de\/wp-content\/uploads\/2021\/04\/signal-2021-04-29-220011_003-1024x768.jpeg 1024w, https:\/\/mosel-lug.de\/wp-content\/uploads\/2021\/04\/signal-2021-04-29-220011_003-768x576.jpeg 768w, https:\/\/mosel-lug.de\/wp-content\/uploads\/2021\/04\/signal-2021-04-29-220011_003-1536x1152.jpeg 1536w, https:\/\/mosel-lug.de\/wp-content\/uploads\/2021\/04\/signal-2021-04-29-220011_003.jpeg 1600w\" sizes=\"auto, (max-width: 300px) 100vw, 300px\" \/> <img loading=\"lazy\" decoding=\"async\" class=\"alignnone size-medium wp-image-223\" src=\"https:\/\/mosel-lug.de\/wp-content\/uploads\/2021\/04\/signal-2021-04-29-220011_002-300x225.jpeg\" alt=\"\" width=\"300\" height=\"225\" srcset=\"https:\/\/mosel-lug.de\/wp-content\/uploads\/2021\/04\/signal-2021-04-29-220011_002-300x225.jpeg 300w, https:\/\/mosel-lug.de\/wp-content\/uploads\/2021\/04\/signal-2021-04-29-220011_002-1024x768.jpeg 1024w, https:\/\/mosel-lug.de\/wp-content\/uploads\/2021\/04\/signal-2021-04-29-220011_002-768x576.jpeg 768w, https:\/\/mosel-lug.de\/wp-content\/uploads\/2021\/04\/signal-2021-04-29-220011_002-1536x1152.jpeg 1536w, https:\/\/mosel-lug.de\/wp-content\/uploads\/2021\/04\/signal-2021-04-29-220011_002.jpeg 1600w\" sizes=\"auto, (max-width: 300px) 100vw, 300px\" \/> <img loading=\"lazy\" decoding=\"async\" class=\"alignnone size-medium wp-image-222\" src=\"https:\/\/mosel-lug.de\/wp-content\/uploads\/2021\/04\/signal-2021-04-29-220011_001-300x225.jpeg\" alt=\"\" width=\"300\" height=\"225\" srcset=\"https:\/\/mosel-lug.de\/wp-content\/uploads\/2021\/04\/signal-2021-04-29-220011_001-300x225.jpeg 300w, https:\/\/mosel-lug.de\/wp-content\/uploads\/2021\/04\/signal-2021-04-29-220011_001-1024x768.jpeg 1024w, https:\/\/mosel-lug.de\/wp-content\/uploads\/2021\/04\/signal-2021-04-29-220011_001-768x576.jpeg 768w, https:\/\/mosel-lug.de\/wp-content\/uploads\/2021\/04\/signal-2021-04-29-220011_001-1536x1152.jpeg 1536w, https:\/\/mosel-lug.de\/wp-content\/uploads\/2021\/04\/signal-2021-04-29-220011_001.jpeg 1600w\" sizes=\"auto, (max-width: 300px) 100vw, 300px\" \/><\/p>\n","protected":false},"excerpt":{"rendered":"<p>Hier beschreibe ich meine Gedanken zur Auswahl und zur Inbetriebnahme des Banana PI BPI-R64. Auswahl Ich war nach einem Ersatz von einem sehr alten PC, der im Augenblick als Router zur Trennung unseres internen Netzwerk von der Au\u00dfenwelt l\u00e4uft. Au\u00dfer einer Firewall und mehreren VPNs l\u00e4uft da jetzt nichts mehr und verbraucht eigentlich nur noch [&hellip;]<\/p>\n","protected":false},"author":1,"featured_media":0,"parent":176,"menu_order":0,"comment_status":"closed","ping_status":"closed","template":"templates\/template_page-full-width.php","meta":{"footnotes":""},"class_list":["post-226","page","type-page","status-publish","hentry"],"_links":{"self":[{"href":"https:\/\/mosel-lug.de\/index.php?rest_route=\/wp\/v2\/pages\/226","targetHints":{"allow":["GET"]}}],"collection":[{"href":"https:\/\/mosel-lug.de\/index.php?rest_route=\/wp\/v2\/pages"}],"about":[{"href":"https:\/\/mosel-lug.de\/index.php?rest_route=\/wp\/v2\/types\/page"}],"author":[{"embeddable":true,"href":"https:\/\/mosel-lug.de\/index.php?rest_route=\/wp\/v2\/users\/1"}],"replies":[{"embeddable":true,"href":"https:\/\/mosel-lug.de\/index.php?rest_route=%2Fwp%2Fv2%2Fcomments&post=226"}],"version-history":[{"count":5,"href":"https:\/\/mosel-lug.de\/index.php?rest_route=\/wp\/v2\/pages\/226\/revisions"}],"predecessor-version":[{"id":233,"href":"https:\/\/mosel-lug.de\/index.php?rest_route=\/wp\/v2\/pages\/226\/revisions\/233"}],"up":[{"embeddable":true,"href":"https:\/\/mosel-lug.de\/index.php?rest_route=\/wp\/v2\/pages\/176"}],"wp:attachment":[{"href":"https:\/\/mosel-lug.de\/index.php?rest_route=%2Fwp%2Fv2%2Fmedia&parent=226"}],"curies":[{"name":"wp","href":"https:\/\/api.w.org\/{rel}","templated":true}]}}